{"id":951,"date":"2018-12-05T17:43:36","date_gmt":"2018-12-05T16:43:36","guid":{"rendered":"https:\/\/dufitoon.at\/wordpress\/?page_id=951"},"modified":"2018-12-05T18:40:28","modified_gmt":"2018-12-05T17:40:28","slug":"warum-ich-facebook-verlasse-ein-abschied","status":"publish","type":"page","link":"https:\/\/dufitoon.at\/wordpress\/warum-ich-facebook-verlasse-ein-abschied\/","title":{"rendered":"Warum ich Facebook verlasse. Ein Abschied."},"content":{"rendered":"<p>Bald ist es soweit. Meine Entscheidung ist fix: ich verabschiede mich von Facebook. Ich werde Ende 2018 mein pers\u00f6nliches Profil und meine Cartoon-Seite dufitoon l\u00f6schen. Das ist tats\u00e4chlich ein Abschied, nicht nur ein Klick auf den Delete-Button.<\/p>\n<p>Ich wurde von einigen gefragt, warum ich gehe, und ich habe versprochen, meine Beweggr\u00fcnde ein wenig zu erl\u00e4utern. Also bitte, hier sind ein paar Zeilen dar\u00fcber. Kann man gerne lesen, muss man aber nicht. Kann man gut finden, muss man aber nicht. Kann man dar\u00fcber nachdenken, muss man aber nicht.<\/p>\n<p><a href=\"https:\/\/dufitoon.at\/wordpress\/wp-content\/uploads\/2018\/12\/facebook_modernstalking.png\"><img loading=\"lazy\" decoding=\"async\" class=\"alignright size-medium wp-image-977\" src=\"https:\/\/dufitoon.at\/wordpress\/wp-content\/uploads\/2018\/12\/facebook_modernstalking-298x300.png\" alt=\"Modern Stalking\" width=\"298\" height=\"300\" srcset=\"https:\/\/dufitoon.at\/wordpress\/wp-content\/uploads\/2018\/12\/facebook_modernstalking-298x300.png 298w, https:\/\/dufitoon.at\/wordpress\/wp-content\/uploads\/2018\/12\/facebook_modernstalking-150x150.png 150w, https:\/\/dufitoon.at\/wordpress\/wp-content\/uploads\/2018\/12\/facebook_modernstalking-100x100.png 100w, https:\/\/dufitoon.at\/wordpress\/wp-content\/uploads\/2018\/12\/facebook_modernstalking.png 595w\" sizes=\"(max-width: 298px) 100vw, 298px\" \/><\/a>Gleich vorweg: Ich bin Facebook sehr dankbar. Durch diese Plattform war es m\u00f6glich, meine Cartoons einem gr\u00f6\u00dferen Empf\u00e4ngerkreis zug\u00e4nglich zu machen. Der liebe Robert Stachel (<a href=\"http:\/\/www.maschek.org\/\">Maschek<\/a>) schrieb in seinem Vorwort zu meinem ersten Cartoon-Buch mit dem Titel &#8222;Modern Stalking&#8220; sinngem\u00e4\u00df, dass es offenbar Facebook gebraucht hat, um einen unbekannten Cartoonisten wie mich zumindest ein wenig bekannter zu machen. Das Cover dieses Buches zierte damals sogar ein selbst gezeichnetes Facebook-Logo. Facebook &#8211; das meinte ich damals mit Modern Stalking.<\/p>\n<p>Es ist aber nicht das Stalking, das mir hier nicht mehr taugt. Ganz im Gegenteil, das war bisher sogar ein Pluspunkt. Mal schauen, was aus diversen fast schon vergessenen Volksschulfreunden wurde oder was Freunde und Bekannte so treiben den ganzen Tag. Oder wer wen kennt. Oder wer was f\u00fcr einen Weihnachtsbaum hat. Seichte Unterhaltung halt zum Durchklicken, wenn einem mal langweilig ist. Manchmal wurde mir aber auch erst dadurch fad.<\/p>\n<p>Deshalb habe ich auch verschiedene Seiten abonniert, mit Inhalten, die mich wirklich interessieren. K\u00fcnstler aller Art, Politiker verschiedener Couleurs, Medien von Print bis TV, Verlage, NGOs, Blogs, lokale Initiativen, diverse Wichtigmacher mit eigenen Seiten, lustige Foto-Seiten und nat\u00fcrlich <a id=\"js_3du\" class=\"_2yez\" href=\"https:\/\/www.facebook.com\/WillyNachdenklich\/\" aria-owns=\"js_3d8\" aria-describedby=\"u_6a_1\" data-hovercard=\"\/ajax\/hovercard\/hovercard.php?id=681124738680619&amp;extragetparams=%7B%7D\" data-testid=\"browse-result-link\">Nachdenkliche Spr\u00fcche mit Bilder<\/a>.<\/p>\n<p><a href=\"https:\/\/dufitoon.at\/wordpress\/wp-content\/uploads\/2018\/12\/facebook_seite.png\"><img loading=\"lazy\" decoding=\"async\" class=\"alignright size-medium wp-image-978\" src=\"https:\/\/dufitoon.at\/wordpress\/wp-content\/uploads\/2018\/12\/facebook_seite-233x300.png\" alt=\"Facebook dufitoon Seite\" width=\"233\" height=\"300\" srcset=\"https:\/\/dufitoon.at\/wordpress\/wp-content\/uploads\/2018\/12\/facebook_seite-233x300.png 233w, https:\/\/dufitoon.at\/wordpress\/wp-content\/uploads\/2018\/12\/facebook_seite.png 697w\" sizes=\"(max-width: 233px) 100vw, 233px\" \/><\/a>Zus\u00e4tzlich habe ich neben zwei kleineren Seiten auch meine eigene dufitoon-Seite betreut, die inzwischen immerhin \u00fcber 10.000 Fans aufweisen kann. In \u00d6sterreich gilt man damit &#8211; so h\u00f6rte ich &#8211; allen Ernstes schon als &#8222;Influencer&#8220;. Ich fand das zwar l\u00e4cherlich, aber vielleicht ist das doch auch irgendwie der Grund, warum ich mich jetzt hier vor allen \u00fcber Facebook ein bissl &#8211; sagen wir mal &#8211; auslasse.<\/p>\n<p>Meine eigene Seite hat mir ein wenig Einblick verschafft, wie Facebook tickt. Manche Bilder wurden sehr vielen Leuten angezeigt, manche sehr wenigen. Auf manche Bilder gab es viele Reaktionen, auf manche kaum welche. Likes, Kommentare und Teilungen sind die Messgr\u00f6\u00dfen, die mir das wertvolle Feedback geben, welche Cartoons auf Facebook ankommen und welche weniger.<\/p>\n<p>Auch wenn der Algorithmus v\u00f6llig undurchsichtig ist, bis zum Fr\u00fchjahr 2018 hat das alles so halbwegs funktioniert. Ich habe Facebook meine Cartoons, f\u00fcr die andere sogar etwas zahlen, gratis zur Verf\u00fcgung gestellt und als Gegenleistung eine gewisse Reichweite bekommen. Facebook hat damit einen kleinen Teil seiner Milliarden verdient und ich habe meine paar tausend Fans verl\u00e4sslich erreicht. Eine zumindest nachvollziehbare Kooperation.<\/p>\n<p>Doch dann hat sich Facebook dazu entschlossen, wieder &#8222;sozialer&#8220; zu werden. Ein Social Network muss schlie\u00dflich Menschen verbinden und nicht Seiten. Die Reichweite von Seiten wurde daraufhin merklich zur\u00fcckgeschraubt. Der Algoritmus l\u00e4sst ja nur Vermutungen zu, aber ich sch\u00e4tze so ca. zwei Drittel der Reichweite waren von einem Tag auf den anderen weg. Und damit ein Teil der Gegenleistung, die ich bisher f\u00fcr meine Cartoons hatte.<\/p>\n<p>Auch andere Seitenbetreiber berichteten \u00c4hnliches. Die befreundete <a href=\"https:\/\/dietagespresse.com\">Tagespresse<\/a> z.B., die fr\u00fcher einfach \u00fcber den Traffic von Facebook auf ihre Seite und den darauf generierten Werbeeinnahmen \u00fcberleben konnte, musste sogar auf ein Abo-System umstellen, um weiter bestehen zu k\u00f6nnen. Die Reichweite ist also ein entscheidender Faktor.<\/p>\n<p><a href=\"https:\/\/dufitoon.at\/wordpress\/wp-content\/uploads\/2018\/12\/facebook_werbung.png\"><img loading=\"lazy\" decoding=\"async\" class=\"alignright size-medium wp-image-979\" src=\"https:\/\/dufitoon.at\/wordpress\/wp-content\/uploads\/2018\/12\/facebook_werbung-300x143.png\" alt=\"Facebook Werbung\" width=\"300\" height=\"143\" srcset=\"https:\/\/dufitoon.at\/wordpress\/wp-content\/uploads\/2018\/12\/facebook_werbung-300x143.png 300w, https:\/\/dufitoon.at\/wordpress\/wp-content\/uploads\/2018\/12\/facebook_werbung.png 557w\" sizes=\"(max-width: 300px) 100vw, 300px\" \/><\/a>Gleich nach der Umstellung des Algorithmus wurden die bisher auch schon auf Facebook m\u00f6gliche &#8222;bezahlte Reichweite&#8220; wieder sehr aktiv beworben. F\u00fcr rund 20 Euro kann ich einen Teil der Reichweite wieder zur\u00fcck haben. Pro Cartoon versteht sich. Also ich soll daf\u00fcr zahlen, dass ich Facebook meine Cartoons gratis zur Verf\u00fcgung stelle. Das war der Beginn eines Nachdenkprozesses, der mit diesem Text langsam sein Ende findet.<\/p>\n<p>Jetzt bin ich prinzipiell nicht unbedingt ein Gegner davon, dass Facebook sich wieder verst\u00e4rkt dem Gedanken eines &#8222;sozialen Netzwerkes&#8220; zuwendet. Dass es daf\u00fcr Seiten bedauerlicherweise zur\u00fcckschraubt mag Teil dieser Strategie sein, nur: Facebook ist in weiten Bereichen absolut asozial.<\/p>\n<p>Damit meine ich nicht nur, dass der Besitzer dieses Netzwerkes dem US-Kongress und dem EU-Parlament coram publico irgendwelche Gschichtln erz\u00e4hlt hat, dass sich Facebook mit geschickten Tricks der Steuerleistung entzieht, dass Facebook Daten illegal weitergegeben hat oder dass sich Facebook nach wie vor weigert, als &#8222;Medium&#8220; f\u00fcr seine Inhalte auch verantwortlich zu sein. Ich meine damit vor allem, dass Facebook mit undurchsichtigem Microtargeting die Demokratie aush\u00f6hlt und mit der gezielten F\u00f6rderung von Hasspostings die Menschen gegeneinander aufwiegelt. Das halte ich f\u00fcr gef\u00e4hrlich. Das m\u00f6chte ich nicht l\u00e4nger unterst\u00fctzen.<\/p>\n<p><a href=\"https:\/\/dufitoon.at\/wordpress\/wp-content\/uploads\/2018\/12\/facebook_l\u00f6schung.png\"><img loading=\"lazy\" decoding=\"async\" class=\"alignright size-medium wp-image-976\" src=\"https:\/\/dufitoon.at\/wordpress\/wp-content\/uploads\/2018\/12\/facebook_l\u00f6schung-178x300.png\" alt=\"Facebook L\u00f6schung\" width=\"178\" height=\"300\" srcset=\"https:\/\/dufitoon.at\/wordpress\/wp-content\/uploads\/2018\/12\/facebook_l\u00f6schung-178x300.png 178w, https:\/\/dufitoon.at\/wordpress\/wp-content\/uploads\/2018\/12\/facebook_l\u00f6schung.png 513w\" sizes=\"(max-width: 178px) 100vw, 178px\" \/><\/a>Dazu kommt, dass einige meiner Postings im Laufe meiner fast zehn Jahre auf Facebook immer wieder von den undurchsichtigen L\u00f6schfabriken entfernt wurden. Sie entspr\u00e4chen nicht den Nutzungsbedingungen, erf\u00e4hrt man dann \u00fcber ein Pop Up. Und dass man aufpassen soll, was man postet. Was genau daran nicht passt steht nicht. Warum genau der Beitrag gel\u00f6scht wurde, kann man also nur vermuten.<\/p>\n<p>Es ist nicht ganz unbekannt, dass die Nutzungsbedingungen von Facebook eher diffus sind. Videos von Hinrichtungen sind jedenfalls eher zul\u00e4ssig, als die Nippel der Venus von Willendorf. Als Cartoonist hat man es doppelt schwer, muss man die Realit\u00e4t oft satirisch \u00fcberzeichnen. Damit wird man immer wieder Opfer irgendwelcher Meldemuschis und bei meinem satirischen Spektrum schnell ein Ziel von Rechts wie Links. Facebook unterscheidet nicht zwischen Nippel und Nippelsatire und nicht zwischen Gewalt und Gewaltsatire. Facebook entscheidet dumm.<\/p>\n<p>Wenn gen\u00fcgend Beitr\u00e4ge gel\u00f6scht wurden, egal ob gerechtfertigt und nachvollziehbar oder nicht, kommt Eskalationsstufe 2. Man wird ohne Vorwarnung gesperrt. Zuerst 24 Stunden, sp\u00e4ter ein paar Tage oder noch l\u00e4nger. Meine erste 24 Stunden Sperre war im Sommer 2018. Ein lapidarer Hinweis, dass ein Cartoon nicht passt und man warten muss, bis man wieder etwas posten kann. Die Sperre betrifft nicht nur das private Profil sondern auch alle Seiten, die man betreibt. Gesetzesbrecher sperrt man ein, Facebookrichtlinienbrecher sperrt man aus.<\/p>\n<p><a href=\"https:\/\/dufitoon.at\/wordpress\/wp-content\/uploads\/2018\/12\/facebook_sperre.png\"><img loading=\"lazy\" decoding=\"async\" class=\"alignright size-medium wp-image-982\" src=\"https:\/\/dufitoon.at\/wordpress\/wp-content\/uploads\/2018\/12\/facebook_sperre-247x300.png\" alt=\"Facebook Sperre\" width=\"247\" height=\"300\" srcset=\"https:\/\/dufitoon.at\/wordpress\/wp-content\/uploads\/2018\/12\/facebook_sperre-247x300.png 247w, https:\/\/dufitoon.at\/wordpress\/wp-content\/uploads\/2018\/12\/facebook_sperre.png 442w\" sizes=\"(max-width: 247px) 100vw, 247px\" \/><\/a>Mein zu diesem Zeitpunkt schon weit fortgeschrittener Nachdenkprozess, ob Facebook es wert ist, sich hier aktiv zu beteiligen, bekam neuen Anschub. Ich hielt diese Sperre f\u00fcr absolut ungerechtfertigt. Der Grund war wohl ein Cartoon \u00fcber den Kickl und seine l\u00e4cherliche Grenzschutz\u00fcbung. Er wandte sich gegen Hass, Hetze und die dazu passenden Parolen der Idiot\u00e4ren. Also wollte ich Einspruch gegen diese Sperre erheben. Doch das war nicht m\u00f6glich. Ein mitgeschickter Beschwerde-Link, f\u00fchrte nach vielen vielen Klicks in diverse Sackgassen und niemals zu einer ernstgemeinten Schlichtungsstelle.<\/p>\n<p>Findet man nach langer Recherche endlich eine E-Mail Adresse von Facebook heraus, bekommt man einige Tage sp\u00e4ter eine automatisierte Mail zur\u00fcck: dass man sich \u00fcber die Mail freue, sie aber nicht gelesen hat und auch nicht lesen wird. Facebook ist also nicht nur willk\u00fcrlich, sondern auch autorit\u00e4r. Und es verarscht die User.<\/p>\n<p>Die Frage, die ich mir immer wieder stellte war: w\u00fcrde ich mir ein solches willk\u00fcrliches, undurchsichtiges und autorit\u00e4res Verhalten von irgendeinem anderen Kooperationspartner gefallen lassen? Die Antwort war eindeutig: nein.<\/p>\n<p>Nat\u00fcrlich kann man jetzt sagen: Facebook ist halt so. Wem das nicht passt, der muss ja nicht auf Facebook sein. Wer die Richtlinien nicht kennt, ist selber Schuld. Wer was postet, muss mit allem rechnen. Ja, das hat einen wahren Kern und ich w\u00fcrde das sofort unterschreiben, wenn Facebook nicht inzwischen so eine Macht h\u00e4tte, dass es gesellschaftlich relevant ist und die Menschen sehr stark beeinflusst. Es gibt n\u00e4mlich kaum eine Alternative zu Facebook. Es ist de facto ein Monopol.<\/p>\n<p>Gut, der Text ist schon sehr lang geworden, viel l\u00e4nger als geplant, aber die Entscheidung von Facebook, Seiten nur noch gegen Geld allen Abonnenten anzuzeigen, f\u00fchrte dazu, dass sich auch meine private Timeline ver\u00e4ndert hat. K\u00fcnstler, Politiker, Medien, Verlage, NGOs, Blogs, lokale Initiativen, diverse Wichtigmacher und lustige Foto-Seiten verschwanden. Stattdessen sah ich oft Befindlichkeiten, Essensfotos, Streitereien oder &#8222;gesponserte&#8220; Beitr\u00e4ge. Auch Nachdenkliche Spr\u00fcche mit Bilder habe ich leider schon lange keine mehr gesehen. Ich finde, die Timeline ist \u00e4rmer geworden und nicht mehr so interessant wie fr\u00fcher. Was ich aktiv geliked habe, wird mir ja leider vorenthalten.<\/p>\n<p><a href=\"https:\/\/dufitoon.at\/wordpress\/wp-content\/uploads\/2018\/12\/facebook_change_the_game.png\"><img loading=\"lazy\" decoding=\"async\" class=\"alignright size-medium wp-image-980\" src=\"https:\/\/dufitoon.at\/wordpress\/wp-content\/uploads\/2018\/12\/facebook_change_the_game-193x300.png\" alt=\"Change The Game\" width=\"193\" height=\"300\" srcset=\"https:\/\/dufitoon.at\/wordpress\/wp-content\/uploads\/2018\/12\/facebook_change_the_game-193x300.png 193w, https:\/\/dufitoon.at\/wordpress\/wp-content\/uploads\/2018\/12\/facebook_change_the_game.png 514w\" sizes=\"(max-width: 193px) 100vw, 193px\" \/><\/a>Ich habe mir selbst im September 2018 drei Wochen Facebook-Pause verschrieben und in dieser Zeit das Buch &#8222;<a href=\"https:\/\/www.brandstaetterverlag.com\/buch\/change-game\">Change the Game<\/a>&#8220; von <span class=\"book__title__author\">Corinna Milborn<\/span> und <span class=\"book__title__author\">Markus Breitenecker gelesen. Es f\u00fchrte mir sehr deutlich vor Augen, dass Facebook noch<\/span><span class=\"book__title__author\"> schlimmer ist, als ich vorher schon vermutete. Ich habe mich \u00fcber mich selber ge\u00e4rgert, dass ich sehr aktiver Teil dieses asozialen Netzwerkes bin. Und diese drei Wochen <\/span><span class=\"book__title__author\">zeigten mir auch, dass mir Facebook nicht abgeht, wenn ich mich nicht einlogge. Keine Sekunde. Ganz im Gegenteil, ich begann, wieder das Internet zu entdecken. Ich bin jetzt wieder \u00f6fters auf den verschiedenen Seiten, die das Internet bietet, ich lese wieder Newsletter und ich habe schnell erkannt, das Internet ist mehr, als die blaugraue Timeline in der Facebook bestimmt, was ich sehen (und posten) darf und was nicht.<br \/>\n<\/span><\/p>\n<p>Ein sehr kluger Universit\u00e4tsprofessor hat einmal geschrieben: &#8222;Der Weg in die Abh\u00e4ngigkeit f\u00fchrt \u00fcber die Bequemlichkeit.&#8220; Er meinte damit damals das Auto, ich finde aber, dieser Satz passt auch sehr gut auf Facebook. Nat\u00fcrlich ist es bequem, wenn man im facebook&#8217;schen Biotop schwimmt und sich einfach der Reihe nach anschaut, was man vorgesetzt bekommt. Und es bedarf mehr eigener Initiative, wenn man gezielt ein paar interessante K\u00fcnstler, Politiker, Medien, Verlage, NGOs, Blogs, Initiativen, Wichtigmacher oder Foto-Seiten mit dem Browser ansteuern muss. Aber es lohnt sich. Ich finde, es befreit. Es macht unabh\u00e4ngig.<\/p>\n<p>Ich habe inzwischen auch eine neue <a href=\"http:\/\/www.dufitoon.at\">Webseite<\/a> und einen <a href=\"https:\/\/dufitoon.at\/wordpress\/newsletter\/\">Newsletter<\/a>. Wer sich gerne in sozialen Netzwerken aufh\u00e4lt, kann alles direkt aus der Webseite heraus teilen. Wer gerne kommentiert, kann dies direkt auf meiner Webseite tun. Liken kann man halt nichts. Wer das unbedingt braucht, kann mich notfalls auch auf <a href=\"http:\/\/www.twitter.com\">Twitter<\/a> besuchen kommen.<\/p>\n<p><a href=\"https:\/\/dufitoon.at\/wordpress\/wp-content\/uploads\/2018\/11\/buch_therapie_2018.png\"><img loading=\"lazy\" decoding=\"async\" class=\"alignright size-medium wp-image-306\" src=\"https:\/\/dufitoon.at\/wordpress\/wp-content\/uploads\/2018\/11\/buch_therapie_2018-202x300.png\" alt=\"Therapeutische Cartoons\" width=\"202\" height=\"300\" srcset=\"https:\/\/dufitoon.at\/wordpress\/wp-content\/uploads\/2018\/11\/buch_therapie_2018-202x300.png 202w, https:\/\/dufitoon.at\/wordpress\/wp-content\/uploads\/2018\/11\/buch_therapie_2018.png 403w\" sizes=\"(max-width: 202px) 100vw, 202px\" \/><\/a>So, ich komme nun endlich zum Ende. Da mein Text auf Grund seiner L\u00e4nge fast schon eigentherapeutischen Charakter hat, lasse ich auch gleich einen Buchtipp da. &#8222;<a href=\"http:\/\/www.komischekuenste.com\/shop\/therapeutische-cartoons\/\">Therapeutische Cartoons<\/a>&#8220; aus dem <a href=\"http:\/\/www.holzbaumverlag.at\">Holzbaum Verlag<\/a>. Verlinken tu ich das jetzt nicht, denn Facebook bestraft externe Links mit noch geringerer Reichweite. Man soll ja nicht aus dem Biotop rausschwimmen. Von mir ist da auch was drinnen. Dufitoon IRL sozusagen.<\/p>\n<p>Ich danke allen, die meine Seite in den letzten Jahren geliked haben. \u00dcber 10.000 Fans aufzugeben ist eigentlich sehr traurig, aber die Rahmenbedingungen passen f\u00fcr mich leider nicht mehr. Sollte Facebook irgendwann einmal wieder leiwand werden, komme ich vielleicht zur\u00fcck? Oder vielleicht entsteht irgendwann einmal eine neue Plattform, wo meine dufitoons und meine Weltanschauung besser hineinpassen? Dann findet ihr mich m\u00f6glicherweise auch dort. Wer wei\u00df?<\/p>\n<p>Es gr\u00fc\u00dft euch ganz herzlich<br \/>\n<a href=\"https:\/\/dufitoon.at\/wordpress\/ich\/\">Michael Dufek<\/a><br \/>\n(dufitoon)<\/p>\n<p><em>Dieser Text wurde am 5. Dezember 2018 auf Facebook gepostet.<\/em><\/p>\n<p>&nbsp;<\/p>\n<p>&nbsp;<\/p>\n<p>&nbsp;<\/p>\n<p>&nbsp;<\/p>\n","protected":false},"excerpt":{"rendered":"<p>Bald ist es soweit. Meine Entscheidung ist fix: ich verabschiede mich von Facebook. Ich werde Ende 2018 mein pers\u00f6nliches Profil und meine Cartoon-Seite dufitoon l\u00f6schen. Das ist tats\u00e4chlich ein Abschied, nicht nur ein Klick auf den Delete-Button. Ich wurde von einigen gefragt, warum ich gehe, und ich habe versprochen, meine Beweggr\u00fcnde ein wenig zu erl\u00e4utern. &hellip; <\/p>\n<p class=\"link-more\"><a href=\"https:\/\/dufitoon.at\/wordpress\/warum-ich-facebook-verlasse-ein-abschied\/\" class=\"more-link\"><span class=\"screen-reader-text\">\u201eWarum ich Facebook verlasse. Ein Abschied.\u201c<\/span> weiterlesen<\/a><\/p>\n","protected":false},"author":1,"featured_media":0,"parent":0,"menu_order":0,"comment_status":"closed","ping_status":"closed","template":"","meta":{"footnotes":""},"_links":{"self":[{"href":"https:\/\/dufitoon.at\/wordpress\/wp-json\/wp\/v2\/pages\/951"}],"collection":[{"href":"https:\/\/dufitoon.at\/wordpress\/wp-json\/wp\/v2\/pages"}],"about":[{"href":"https:\/\/dufitoon.at\/wordpress\/wp-json\/wp\/v2\/types\/page"}],"author":[{"embeddable":true,"href":"https:\/\/dufitoon.at\/wordpress\/wp-json\/wp\/v2\/users\/1"}],"replies":[{"embeddable":true,"href":"https:\/\/dufitoon.at\/wordpress\/wp-json\/wp\/v2\/comments?post=951"}],"version-history":[{"count":33,"href":"https:\/\/dufitoon.at\/wordpress\/wp-json\/wp\/v2\/pages\/951\/revisions"}],"predecessor-version":[{"id":993,"href":"https:\/\/dufitoon.at\/wordpress\/wp-json\/wp\/v2\/pages\/951\/revisions\/993"}],"wp:attachment":[{"href":"https:\/\/dufitoon.at\/wordpress\/wp-json\/wp\/v2\/media?parent=951"}],"curies":[{"name":"wp","href":"https:\/\/api.w.org\/{rel}","templated":true}]}}